463, 823
What are the prime factors of 45166?
2, 11, 2053
What are the prime factors of 4693210?
2, 5, 469321
What are the prime factors of 1154219?
11, 9539
What are the prime factors of 245908?
2, 13, 4729
What are the prime factors of 211603?
7, 19, 37, 43
List the prime factors of 36254.
2, 18127
List the prime factors of 10725630.
2, 3, 5, 61, 5861
What are the prime factors of 15281100?
2, 3, 5, 16979
What are the prime factors of 182144?
2, 1423
List the prime factors of 339222.
2, 3, 13, 4349
List the prime factors of 1003336.
2, 167, 751
What are the prime factors of 639229?
101, 6329
List the prime factors of 1823875.
5, 14591
List the prime factors of 423951.
3, 11, 29, 443
What are the prime factors of 217615?
5, 71, 613
List the prime factors of 30985430.
2, 5, 7, 31, 109, 131
List the prime factors of 1039766.
2, 7, 13, 29, 197
List the prime factors of 744253.
744253
What are the prime factors of 245253?
3, 29, 2819
What are the prime factors of 2481455?
5, 496291
What are the prime factors of 232921?
13, 19, 23, 41
List the prime factors of 107702.
2, 7, 157
List the prime factors of 3779356.
2, 7, 43, 73
List the prime factors of 1317704.
2, 17, 9689
List the prime factors of 5385808.
2, 336613
What are the prime factors of 18596807?
31, 157, 3821
List the prime factors of 3693229.
37, 99817
List the prime factors of 10307074.
2, 5153537
List the prime factors of 29660497.
43, 689779
List the prime factors of 4220927.
4220927
List the prime factors of 270876.
2, 3, 22573
What are the prime factors of 170194?
2, 43, 1979
List the prime factors of 1000906.
2, 29, 17257
What are the prime factors of 6428653?
7, 11, 11927
List the prime factors of 91888.
2, 5743
What are the prime factors of 90157?
89, 1013
List the prime factors of 649762.
2, 19, 17099
What are the prime factors of 130785?
3, 5, 8719
What are the prime factors of 248440?
2, 5, 6211
List the prime factors of 2054948.
2, 7, 79, 929
What are the prime factors of 108305?
5, 21661
List the prime factors of 1646794.
2, 29, 28393
List the prime factors of 6022451.
43, 140057
List the prime factors of 402023.
402023
List the prime factors of 1184600.
2, 5, 5923
List the prime factors of 9163644.
2, 3, 7, 43, 59
List the prime factors of 4983404.
2, 233, 5347
List the prime factors of 266399.
7, 19, 2003
List the prime factors of 21464100.
2, 3, 5, 7, 3407
What are the prime factors of 3236394?
2, 3, 7, 251, 307
List the prime factors of 626726.
2, 41, 7643
What are the prime factors of 649287?
3, 19, 3797
List the prime factors of 30933122.
2, 11, 1406051
List the prime factors of 969484.
2, 242371
List the prime factors of 20360531.
20360531
List the prime factors of 220511.
220511
List the prime factors of 2995396.
2, 748849
What are the prime factors of 472646?
2, 236323
List the prime factors of 112577.
112577
What are the prime factors of 5510701?
7, 787243
What are the prime factors of 195959?
17, 11527
What are the prime factors of 3783549?
3, 7, 11, 1489
List the prime factors of 16220291.
199, 81509
What are the prime factors of 1357104?
2, 3, 7, 577
What are the prime factors of 199664?
2, 12479
What are the prime factors of 30727576?
2, 11, 349177
What are the prime factors of 2045505?
3, 5, 7, 11, 23
What are the prime factors of 1064107?
11, 96737
List the prime factors of 1740622.
2, 13, 66947
What are the prime factors of 7957779?
3, 661, 4013
What are the prime factors of 1548299?
677, 2287
What are the prime factors of 7405516?
2, 19, 97441
What are the prime factors of 350169?
3, 151, 773
List the prime factors of 20631966.
2, 3, 23, 47, 3181
List the prime factors of 28726.
2, 53, 271
List the prime factors of 1182518.
2, 591259
List the prime factors of 18309417.
3, 7, 181, 4817
List the prime factors of 2128551.
3, 19, 107, 349
List the prime factors of 1319336.
2, 17, 89, 109
What are the prime factors of 4595173?
11, 419, 997
What are the prime factors of 3836407?
17, 225671
What are the prime factors of 5701637?
5701637
What are the prime factors of 349067?
103, 3389
List the prime factors of 73991.
23, 3217
List the prime factors of 7021540.
2, 5, 351077
List the prime factors of 754055.
5, 23, 79, 83
List the prime factors of 549963.
3, 20369
What are the prime factors of 24174?
2, 3, 17, 79
What are the prime factors of 76786?
2, 38393
List the prime factors of 664863.
3, 221621
List the prime factors of 451023.
3, 149, 1009
List the prime factors of 3152250.
2, 3, 5, 467
What are the prime factors of 1177408?
2, 18397
What are the prime factors of 795258?
2, 3, 4909
What are the prime factors of 381461?
381461
What are the prime factors of 1691742?
2, 3, 13, 23, 41
List the prime factors of 333685.
5, 11, 6067
List the prime factors of 308912.
2, 43, 449
What are the prime factors of 265037?
265037
List the prime factors of 5144812.
2, 17, 75659
What are the prime factors of 6626951?
331, 20021
What are the prime factors of 445867?
43, 10369
List the prime factors of 62927.
62927
What are the prime factors of 8430988?
2, 2107747
What are the prime factors of 74708?
2, 19, 983
List the prime factors of 789774.
2, 3, 23, 59, 97
List the prime factors of 411538.
2, 149, 1381
List the prime factors of 14224.
2, 7, 127
What are the prime factors of 3209411?
1699, 1889
List the prime factors of 14826591.
3, 13, 53, 797
What are the prime factors of 2138779?
29, 73751
List the prime factors of 139114.
2, 69557
List the prime factors of 52372.
2, 13093
List the prime factors of 4701247.
89, 101, 523
List the prime factors of 2216668.
2, 554167
List the prime factors of 6189165.
3, 5, 137537
What are the prime factors of 88846?
2, 31, 1433
List the prime factors of 4212294.
2, 3, 17, 61, 677
What are the prime factors of 11042066?
2, 7, 788719
What are the prime factors of 543246?
2, 3, 11, 8231
What are the prime factors of 9818939?
13, 53, 14251
What are the prime factors of 8319539?
641, 12979
List the prime factors of 208747.
7, 11, 2711
What are the prime factors of 690829?
17, 40637
What are the prime factors of 859393?
859393
What are the prime factors of 722490?
2, 3, 5, 24083
List the prime factors of 3364795.
5, 7, 96137
List the prime factors of 2549924.
2, 13, 49037
List the prime factors of 775429.
107, 7247
What are the prime factors of 463144?
2, 11, 19, 277
List the prime factors of 898909.
11, 17, 19, 23
What are the prime factors of 2177120?
2, 5, 11, 1237
List the prime factors of 1050544.
2, 11, 47, 127
List the prime factors of 255415.
5, 23, 2221
What are the prime factors of 1195449?
3, 83, 4801
List the prime factors of 408449.
233, 1753
What are the prime factors of 20274446?
2, 37, 273979
What are the prime factors of 2760979?
13, 212383
What are the prime factors of 15678951?
3, 5226317
List the prime factors of 15375097.
439, 35023
What are the prime factors of 1696941?
3, 409, 461
What are the prime factors of 335950?
2, 5, 6719
What are the prime factors of 1035588?
2, 3, 211, 409
What are the prime factors of 8447822?
2, 4223911
List the prime factors of 2980151.
17, 175303
List the prime factors of 11577656.
2, 191, 7577
What are the prime factors of 23464?
2, 7, 419
What are the prime factors of 50999?
13, 3923
What are the prime factors of 131031?
3, 23, 211
List the prime factors of 26693918.
2, 1301, 10259
What are the prime factors of 602148?
2, 3, 19, 139
List the prime factors of 120751.
17, 7103
What are the prime factors of 12149901?
3, 73, 18493
What are the prime factors of 10473737?
41, 255457
List the prime factors of 1144893.
3, 381631
List the prime factors of 7550331.
3, 37, 251, 271
What are the prime factors of 247971?
3, 82657
What are the prime factors of 767643?
3, 41, 79
List the prime factors of 30924260.
2, 5, 59, 73, 359
What are the prime factors of 238029?
3, 11, 7213
List the prime factors of 947314.
2, 29, 16333
List the prime factors of 473115.
3, 5, 31541
What are the prime factors of 4722174?
2, 3, 43, 6101
What are the prime factors of 149495?
5, 29, 1031
What are the prime factors of 9226016?
2, 288313
What are the prime factors of 1810489?
191, 9479
List the prime factors of 986026.
2, 493013
List the prime factors of 21934097.
17, 523, 2467
What are the prime factors of 303470?
2,